 j. Give w(q).
6
Let h(d) = -d + 5. Suppose -4*u + v = -4*v - 24, 5*u = -v + 59. Let i = 11 - u. What is h(i)?
5
Let k be -3 + (1 + -3 - -8). Let a(f) = -2 + 0*f**3 + 4*f + 6 + 2*f**2 + f**k + 3*f**2. Give a(-4).
4
Let o(i) be the second derivative of -2*i - 1/3*i**3 - 3/2*i**2 + 0. Give o(-3).
3
Let k(n) be the first derivative of -10*n**3/3 - n**2/2 - 6. Give k(-1).
-9
Let n = -6 - -11. Let g = -6 + n. Let b(q) be the third derivative of -q**4/3 + q**2. Give b(g).
8
Let i(k) = 2*k - k + 5*k. Let r(y) = -y + 5. Let w be r(4). Determine i(w).
6
Let n be 4 + -2 + 1*-1. Let z be (-3)/(n/1) - -1. Let m(f) = 14*f + 2 + 0 - 15*f + 0. Give m(z).
4
Let c(s) = s - 10 - s + 9 - s. Suppose j = -4*b - 8, -6*j + 2*j - b = 2. Calculate c(j).
-1
Let d(u) = -u - 4. Suppose -7 = 4*y - 27. Suppose 5 = -y*l - 10. What is d(l)?
-1
Suppose -3*t + 27 - 6 = 0. Let u = 1 - t. Let j(r) = -r**3 - 5*r**2 + 6*r + 3. Calculate j(u).
3
Let c(v) = v**2 + 6*v + 6. Let o be c(-5). Let b(f) = f**2 + 1. Let h(x) = 7*x**2 + 7. Let k(j) = -6*b(j) + h(j). Calculate k(o).
2
Let l(j) = j**2 + 5*j + 6. Let w be (-54)/8 - (-3)/(-12). Let r = 6 + -3. Let o = r + w. What is l(o)?
2
Let t(v) be the second derivative of -v**5/20 - v**4/4 + v**3 + 5*v**2/2 + 4*v. What is t(-4)?
-3
Suppose -n = -4*u + 2*n - 19, -2*n - 10 = 3*u. Suppose -2 = -4*a - 14. Let k = a - u. Let i(l) = -3*l. What is i(k)?
-3
Suppose 0 = -7*w + 8 + 6. Let m(i) be the first derivative of -6*i - 3 - 1/2*i**w. What is m(5)?
-11
Let u(r) be the first derivative of 1 + 0*r - 1/12*r**4 - r**2 + 0*r**3. Let p(w) be the second derivative of u(w). What is p(-2)?
4
Suppose 6*c - 27 = -63. Let d(k) = 2*k + 4. Give d(c).
-8
Let y(a) = 27*a + a**3 - a**2 - 12 - 27*a. Calculate y(0).
-12
Let u(r) = -2*r + 6. Let k(s) = s - 3. Let w(d) = 7*k(d) + 3*u(d). What is w(3)?
0
Let w(o) be the second derivative of 0*o**3 + 1/2*o**5 + 0 + 1/2*o**2 - 1/12*o**4 - 3*o. Suppose -2*z + 3 = z. Give w(z).
10
Let m be 8/36 + 21/27. Let v(f) = 7*f**2 - 1. Give v(m).
6
Let d(q) = -q**3 + 5*q**2 + q - 1. Let t be (-4)/(0 + 4) - -6. Determine d(t).
4
Suppose 4*l - 7 - 10 = -3*w, -4*w + 1 = l. Let f(v) = -5*v + 4. Let a(p) = -5*p + 5. Let m(h) = 5*a(h) - 6*f(h). Calculate m(w).
-4
Let s(z) = z**2 + 2*z - 3. Let v(x) = -x**3 - 4*x**2 - x + 4. Let k be v(-3). Let q = -2 + k. Give s(q).
5
Let p(y) be the third derivative of y**5/60 - y**4/3 - y**3/3 + 21*y**2. Determine p(7).
-9
Suppose -3*p + 2*k = -32, -25 = -2*p + 4*k + k. Let w(f) = -f**3 + 10*f**2 - f - 3. What is w(p)?
-13
Let q(a) be the second derivative of -a**4/12 - 7*a**3/6 - 7*a**2/2 + 3*a. Suppose 5*b + 6 = 4*b. Determine q(b).
-1
Let u(g) be the first derivative of -g**3/3 - g**2 - 2*g - 1. Let a(q) = q**3 - 6*q**2 + q. Let k be a(6). Suppose 0 = 2*v - 6, -k*v = 3*d - 2*v. What is u(d)?
-10
Suppose 18 = -5*b + 7*b. Suppose n + 9 = -z, 2*n = -3*z + b - 30. Let t(u) = u + 5. What is t(n)?
-1
Let j = -4 - -7. Let r(w) = 2 - 2*w**2 + w**j + 2*w + 4*w**2 - w + 2*w. Give r(-2).
-4
Let l(w) = -w**2 + 4*w - 3. Suppose 0 = -3*x - d + 12, 5*d = -2*x - 1 + 9. Give l(x).
-3
Let s(y) be the first derivative of -2*y - 1/6*y**3 - 3 - 1/12*y**4 + 0*y**2. Let u(c) be the first derivative of s(c). Calculate u(-1).
0
Suppose -5*a = 5*g - 5, -16 = 2*a + 2*a. Suppose 0*h + 10 = -g*h. Let r be 3/h*2/3. Let c(j) = 9*j**3 + j**2 - j - 1. Determine c(r).
-8
Let l(u) be the first derivative of u**3/3 + u**2 - 2. Determine l(-2).
0
Let a(o) = -2*o - 13. Let w be a(-8). Suppose -p - 2 = -7. Let c(m) = 2 + 3*m**3 - p - 2*m**3 + 3*m - 4*m**2. Determine c(w).
-3
Suppose 2*d = -2*d + 8. Suppose 4*t + 4 = -2*i, -3*t = -i - 3*i + 25. Let j be 2 - (d + 0/t). Let u(f) = -f**2 + 8. Give u(j).
8
Let x(f) = f**2 - 9*f - 7. Suppose 2*c + 34 = 54. What is x(c)?
3
Let t(y) = 3*y**2 - 4*y + 2. Let b = 6 + -2. Suppose 2*u - 4*s = -b, -4*u - 2 = -3*u + 4*s. Let r = 4 + u. What is t(r)?
6
Let q(r) = -2*r**2 + r - 1. Let w(i) = i**2. Let x(n) = -q(n) + w(n). Let k = 0 + 1. Determine x(k).
3
Let x(c) = -c. Let r(w) = 4*w - 7. Suppose 4*g - 14 = -5*d, 3*d - 5*d + 1 = -3*g. Let i(y) = g*r(y) + 3*x(y). What is i(5)?
-2
Let t(l) be the third derivative of -1/2*l**3 + 0 + 2*l**2 + 0*l - 1/24*l**4. What is t(-4)?
1
Let k = 9 - 9. Let h(x) = x + k*x + x**3 - 3 - 2*x**3 - x**2. Give h(0).
-3
Let a(d) be the first derivative of 13*d**6/120 + d**3/6 - 5*d**2 + 5. Let l(p) be the second derivative of a(p). Calculate l(1).
14
Let n(j) = 4*j. Let x = 7 - 3. Let q be 36/8*x/6. Suppose -o - q*u + 6 = -4*o, 4*o + 2*u + 2 = 0. Give n(o).
-4
Let r(c) = -c**3 + c**2. Suppose 1 + 2 = 2*p + f, -5*f = -2*p + 21. Suppose p*j + j = 4. Give r(j).
0
Let x(b) = b**2 - b**2 - b**2 - 4*b + 1. Let c be 1/(-4) - 22/8. Give x(c).
4
Let w(t) be the second derivative of t**5/2 - t**3/6 - t. Suppose -12 = -4*p + 4*s, -4*p + s + 4 + 2 = 0. Give w(p).
9
Let g(q) be the second derivative of q**7/840 - q**6/180 + q**5/40 - q**4/6 - q**3/2 - 8*q. Let b(p) be the second derivative of g(p). Determine b(3).
14
Let f(x) = -x**2 + 5*x - 2. Let y be f(4). Let u(q) = 3*q**2 - 2*q + 1. Calculate u(y).
9
Let x(a) = 2*a**3 + 3*a**2 + 3*a + 1. Let h(l) = 3*l**3 + 6*l**2 + 5*l + 3. Let j(m) = -3*h(m) + 5*x(m). Determine j(4).
12
Let r(p) be the first derivative of p**3/3 + 2*p**2 + 4*p + 1. Let b(i) = i**3 + 7*i**2 - 8*i + 1. Let c be b(-8). Let u be (1 - (-12)/(-3))*c. Give r(u).
1
Let x be (3 - 2)/((-1)/(-3)). Suppose 1 = o - x. Suppose c + 1 - o = 0. Let w(u) = -2*u**2 + 3*u + 2. Calculate w(c).
-7
Let m(i) be the second derivative of i**6/240 - 7*i**5/120 + 5*i**4/12 - 6*i. Let s(a) be the third derivative of m(a). Let b = 6 + -1. Calculate s(b).
8
Let m(v) = -3*v**3 + 2*v - 1 + 1474*v**2 - 1478*v**2 + 4*v**3. Suppose 4*w + 2*g - 5 = 11, -w - g = -4. Give m(w).
7
Let x(s) = -3*s. Let i be 4 + 1*(3 + (4 - 7)). Determine x(i).
-12
Let v(l) be the first derivative of l**3/3 + 7*l**2/2 + 8*l - 4. Determine v(-7).
8
Let v(d) = -d**3 - 6*d**2 + 3*d + 8. Let o = -34 + 28. What is v(o)?
-10
Let w = -55 + 77. Let z = w - 6. Let a(f) = 0*f + z + f + 0*f - 19. Give a(-5).
-8
Let q(z) = -2*z - 1. Let o = 12 - 2. Let g(s) = s + 1. Let h be g(5). Suppose -d - o = -h*d. Give q(d).
-5
Let l(j) = 1 + j + 0*j - 4*j - 4*j. What is l(-1)?
8
Suppose 2*n = 4*n. Let f(u) = 2*u**3 + 3*u**2 - u - 12. Let m(i) = -3*i**3 - 5*i**2 + 2*i + 23. Let y(s) = 5*f(s) + 3*m(s). Determine y(n).
9
Let b(p) = -p**3 + 2*p**2 + p - 2. Let g be ((-4)/(-1))/(2/3). Suppose 5*r + g = 21. What is b(r)?
-8
Let p(a) = -a**2 - 4*a + 5. Let d be 11 - (-12)/9*-3. Suppose -6*w + d = c - 3*w, 3*w - 17 = c. Calculate p(c).
0
Let f(m) be the first derivative of -m**4/4 - m**3/3 + m**2/2 - m - 3. What is f(0)?
-1
Let y(f) be the second derivative of 0 + 0*f**2 + 1/2*f**3 + 0*f**4 + 1/60*f**5 - 2*f + 1/120*f**6. Let g(u) be the second derivative of y(u). Determine g(-2).
8
Let r(x) be the first derivative of x - 1/3*x**3 - 9 + 3/2*x**2. Give r(5).
-9
Let o(i) = 4*i**2 - 2*i - 2. Suppose -4*g - 13 = -61. Let f be 2/(8/g) - 1. What is o(f)?
10
Suppose 15*l = 16*l - 6. Let v(b) = -1 - b**3 + 5*b**2 + 0 - 2 + 7*b. Calculate v(l).
3
Let z(a) be the second derivative of a**4/12 + 4*a**3/3 + 5*a**2/2 - a. Let s = 22 + -10. Let w = s - 17. Give z(w).
-10
Let c(w) be the third derivative of w**6/120 + w**5/20 - w**4/12 + w**3/3 + 3*w**2. Suppose -4*q - 28 = 4*a, 4 = -2*q + a - 1. What is c(q)?
-6
Let v(g) be the third derivative of 1/120*g**6 + 0*g**3 + 1/60*g**5 + 0*g**4 + 0*g + 2*g**2 + 0. Suppose -5*s + 4*k + 2 = -8, 4*k = -20. Determine v(s).
-4
Let u(o) = -2*o + 7. Let b be ((-9)/(-6) - 2)*-4. Let j = b + 3. Let w be u(j). Let z(g) = g**3 + g**2 - 5*g - 2. Give z(w).
-5
Let p = -7 - -5. Let j(x) = -x**3 - x**2 - 3*x - 2. Give j(p).
8
Let a(i) be the second derivative of 0*i**3 + 0*i**2 + 0 + 0*i**4 - 7*i - 3/20*i**5. Let f(h) = -h**2 + 6*h - 4. Let l be f(5). Determine a(l).
-3
Let j(z) = z**3 + 7*z**2 - 6*z - 4. Let t(l) = -4*l**3 - 29*l**2 + 23*l + 15. Let b(c) = 9*j(c) + 2*t(c). Suppose 49 = -5*g + 19. What is b(g)?
6
Let c(k) = k - 4. Let r = 58 + -51. What is c(r)?
3
Let a be 2 + 2 - 0/(-2). Let k = 1 - a. Let p = 8 + k. Let i(d) = -d**2 + 7*d - 6. What is i(p)?
4
Let z(s) be the first derivative of -1/2*s**2 + 0*s - 1/4*s**4 - 2/3*s**